{"id":240,"date":"2009-08-03T12:33:40","date_gmt":"2009-08-03T11:33:40","guid":{"rendered":"http:\/\/jacks-pixels.com\/?page_id=240"},"modified":"2018-05-19T13:51:11","modified_gmt":"2018-05-19T12:51:11","slug":"formations","status":"publish","type":"page","link":"https:\/\/jacks-pixels.com\/wordpress\/formations\/","title":{"rendered":"Formations"},"content":{"rendered":"<table width=\"100%\">\n<tbody>\n<tr>\n<td valign=\"bottom\"><a href=\"https:\/\/jacks-pixels.com\/wordpress\/wp-content\/uploads\/2010\/03\/CreativeLight.jpg\"><img loading=\"lazy\" decoding=\"async\" class=\"alignleft size-full wp-image-769\" title=\"CreativeLight\" src=\"https:\/\/jacks-pixels.com\/wordpress\/wp-content\/uploads\/2010\/03\/CreativeLight.jpg\" alt=\"\" width=\"265\" height=\"44\" \/><\/a><\/td>\n<td valign=\"bottom\"><a href=\"https:\/\/jacks-pixels.com\/wordpress\/wp-content\/uploads\/2010\/01\/logo-profoto-header.gif\"><img loading=\"lazy\" decoding=\"async\" class=\"aligncenter size-full wp-image-542\" title=\"logo-profoto-header\" src=\"https:\/\/jacks-pixels.com\/wordpress\/wp-content\/uploads\/2010\/01\/logo-profoto-header.gif\" alt=\"\" width=\"147\" height=\"36\" \/><\/a><\/td>\n<td valign=\"bottom\"><a href=\"https:\/\/jacks-pixels.com\/wordpress\/wp-content\/uploads\/2010\/01\/logo_pocket_wizard.jpg\"><img loading=\"lazy\" decoding=\"async\" class=\"alignright size-full wp-image-543\" title=\"logo_pocket_wizard\" src=\"https:\/\/jacks-pixels.com\/wordpress\/wp-content\/uploads\/2010\/01\/logo_pocket_wizard.jpg\" alt=\"\" width=\"200\" height=\"46\" \/><\/a><\/td>\n<\/tr>\n<\/tbody>\n<\/table>\n<hr \/>\n<p><img loading=\"lazy\" decoding=\"async\" src=\"http:\/\/www.jacks-pixels.com\/Images\/BlankSpace.gif\" alt=\"\" width=\"15\" height=\"6\" \/><\/p>\n<p><img loading=\"lazy\" decoding=\"async\" class=\"alignnone\" src=\"http:\/\/www.jacks-pixels.com\/Images\/BlankSpace.gif\" alt=\"\" width=\"15\" height=\"6\" \/>Depuis 2007, je propose des formations photos destin\u00e9es aux collectifs comme aux individuels. Ces formations de dur\u00e9es variables (en fonction des besoins) concernent entre autre :<\/p>\n<ul>\n<li>les bases de la photo et de la prise de vue (pour les photographes de niv. d\u00e9butant) ;<\/li>\n<li>les bases du num\u00e9rique (niv. d\u00e9butant \/interm\u00e9diaire) ;<\/li>\n<li>la gestion de vos images, la retouche, la post-production aux travers des outils tels que Photoshop, Lightroom, Expression Media, &#8230;\u00a0 (niv. interm\u00e9diaire) ;<\/li>\n<li>les bases de la photo de studio (niv. d\u00e9butant \/ interm\u00e9diaire) ;<\/li>\n<li>les bases de l&rsquo;utilisation du flash hors studio (formation Strobist) (niv. d\u00e9butant \/ interm\u00e9diaire) ;<\/li>\n<\/ul>\n<p>Depuis quelques temps d\u00e9j\u00e0, je propose \u00e9galement des formations plus pointus avec :<\/p>\n<ul>\n<li>un contenu beaucoup plus pouss\u00e9 concernant la partie <strong>Strobist<\/strong> (interm\u00e9diaire et +) ;<\/li>\n<li>des formations d\u00e9couvertes \/ prises en mains concernant le mat\u00e9riel <strong>Pocket Wizard<\/strong> (d\u00e9butant et interm\u00e9diaire) ;<\/li>\n<\/ul>\n<p><img loading=\"lazy\" decoding=\"async\" src=\"http:\/\/www.jacks-pixels.com\/Images\/BlankSpace.gif\" alt=\"\" width=\"15\" height=\"6\" \/>J&rsquo;int\u00e8gre \u00e0 ces formations des modules sp\u00e9cifiques sur les \u00e9quipements <strong>PocketWizard<\/strong> ainsi que des d\u00e9monstrations diverses de mat\u00e9riels pouvant \u00eatre utilis\u00e9s en mode <span style=\"text-decoration: underline;\">Strobist ET en studio<\/span> (d\u00e9clencheurs radios, fa\u00e7onneurs de lumi\u00e8res, &#8230;).<\/p>\n<p><img loading=\"lazy\" decoding=\"async\" src=\"http:\/\/www.jacks-pixels.com\/Images\/BlankSpace.gif\" alt=\"\" width=\"15\" height=\"6\" \/>Vous avez envie de cr\u00e9er des photos qui sortent de l&rsquo;ordinaire ? Envie d&rsquo;investir intelligemment dans un mat\u00e9riel polyvalent pour le\u00a0 studio et l&rsquo;ext\u00e9rieur ? R\u00e9duire vos co\u00fbts \u00e0 moyen terme en choisissant les bons \u00e9quipements adapt\u00e9s \u00e0 vos besoins ? La m\u00e9thode Strobist et des \u00e9quipements tels que ceux de Pocket Wizard, Profoto et bien d&rsquo;autres permettront de r\u00e9pondre \u00e0 ces points \u00e0 condition d&rsquo;en comprendre et d&rsquo;en d&rsquo;en ma\u00eetriser les bases.<\/p>\n<p><img loading=\"lazy\" decoding=\"async\" src=\"http:\/\/www.jacks-pixels.com\/Images\/BlankSpace.gif\" alt=\"\" width=\"15\" height=\"6\" \/>Les formations Pocket Wizard concernent les \u00e9quipements Plus III, Plus X, MiniTT1, FlexTT5 et Zone Controler AC3.<\/p>\n<p>&nbsp;<\/p>\n<h2 style=\"text-align: center;\"><img loading=\"lazy\" decoding=\"async\" src=\"http:\/\/www.jacks-pixels.com\/Images\/BlankSpace.gif\" alt=\"\" width=\"15\" height=\"6\" \/><span style=\"color: #ff9900;\">Si vous \u00eates int\u00e9ress\u00e9s par une formation, \u00e0 titre individuel ou collectif,<br \/>\nn&rsquo;h\u00e9sitez pas \u00e0 me contacter pour que l&rsquo;on puisse en discuter.<\/span><\/h2>\n<p style=\"text-align: center;\"><a href=\"https:\/\/jacks-pixels.com\/wordpress\/wp-content\/uploads\/2009\/10\/contact_jpx.jpg\"><img loading=\"lazy\" decoding=\"async\" class=\"size-full wp-image-1199 aligncenter\" src=\"https:\/\/jacks-pixels.com\/wordpress\/wp-content\/uploads\/2009\/10\/contact_jpx.jpg\" alt=\"\" width=\"388\" height=\"58\" srcset=\"https:\/\/jacks-pixels.com\/wordpress\/wp-content\/uploads\/2009\/10\/contact_jpx.jpg 388w, https:\/\/jacks-pixels.com\/wordpress\/wp-content\/uploads\/2009\/10\/contact_jpx-300x44.jpg 300w\" sizes=\"auto, (max-width: 388px) 100vw, 388px\" \/><\/a><\/p>\n<table align=\"center\">\n<tbody>\n<tr>\n<td><img loading=\"lazy\" decoding=\"async\" class=\"aligncenter\" src=\"http:\/\/jacks-pixels.com\/_Formations\/PocketWizard\/Step01\/little\/_MG_7583-dyn.jpg\" alt=\"\" width=\"111\" height=\"167\" \/><\/td>\n<td><img loading=\"lazy\" decoding=\"async\" class=\"aligncenter\" src=\"http:\/\/jacks-pixels.com\/_Formations\/PocketWizard\/Step01\/little\/_MG_7581-dyn.jpg\" alt=\"\" width=\"125\" height=\"167\" \/><\/td>\n<td><img loading=\"lazy\" decoding=\"async\" class=\"aligncenter\" src=\"http:\/\/jacks-pixels.com\/_Formations\/PocketWizard\/Step01\/little\/_MG_7585-dyn.jpg\" alt=\"\" width=\"250\" height=\"167\" \/><\/td>\n<\/tr>\n<tr>\n<td colspan=\"2\"><img loading=\"lazy\" decoding=\"async\" class=\"alignright\" src=\"http:\/\/jacks-pixels.com\/Gallery\/Data\/Portrait\/Charline100713\/little\/_MG_4344-modif.jpg\" alt=\"\" width=\"111\" height=\"167\" \/><\/td>\n<td><img loading=\"lazy\" decoding=\"async\" class=\"alignleft\" src=\"http:\/\/jacks-pixels.com\/Gallery\/Data\/Portrait\/Charline100713\/little\/_MG_4362-modif.jpg\" alt=\"\" width=\"111\" height=\"167\" \/><\/td>\n<\/tr>\n<tr>\n<td style=\"text-align: center;\" colspan=\"3\"><object width=\"425\" height=\"350\" classid=\"clsid:d27cdb6e-ae6d-11cf-96b8-444553540000\" codebase=\"http:\/\/download.macromedia.com\/pub\/shockwave\/cabs\/flash\/swflash.cab#version=6,0,40,0\"><param name=\"src\" value=\"http:\/\/www.youtube.com\/v\/t4WXTMURHRY\" \/><embed width=\"425\" height=\"350\" type=\"application\/x-shockwave-flash\" src=\"http:\/\/www.youtube.com\/v\/t4WXTMURHRY\" \/><\/object><\/td>\n<\/tr>\n<tr>\n<td style=\"text-align: center;\" colspan=\"3\"><iframe loading=\"lazy\" src=\"\/\/www.youtube.com\/embed\/l2dTcBBZPEo\" width=\"560\" height=\"315\" frameborder=\"0\" allowfullscreen=\"allowfullscreen\"><\/iframe><\/td>\n<\/tr>\n<\/tbody>\n<\/table>\n<p>A tr\u00e8s vite sur cette page !<\/p>\n<p>JB<\/p>\n","protected":false},"excerpt":{"rendered":"<p>Depuis 2007, je propose des formations photos destin\u00e9es aux collectifs comme aux individuels. Ces formations de dur\u00e9es variables (en fonction des besoins) concernent entre autre : les bases de la photo et de la prise de vue (pour les photographes de niv. d\u00e9butant) ; les bases du num\u00e9rique (niv. d\u00e9butant \/interm\u00e9diaire) ; la gestion de [&hellip;]<\/p>\n","protected":false},"author":1,"featured_media":0,"parent":0,"menu_order":30,"comment_status":"open","ping_status":"closed","template":"","meta":{"footnotes":""},"class_list":["post-240","page","type-page","status-publish","hentry"],"_links":{"self":[{"href":"https:\/\/jacks-pixels.com\/wordpress\/wp-json\/wp\/v2\/pages\/240","targetHints":{"allow":["GET"]}}],"collection":[{"href":"https:\/\/jacks-pixels.com\/wordpress\/wp-json\/wp\/v2\/pages"}],"about":[{"href":"https:\/\/jacks-pixels.com\/wordpress\/wp-json\/wp\/v2\/types\/page"}],"author":[{"embeddable":true,"href":"https:\/\/jacks-pixels.com\/wordpress\/wp-json\/wp\/v2\/users\/1"}],"replies":[{"embeddable":true,"href":"https:\/\/jacks-pixels.com\/wordpress\/wp-json\/wp\/v2\/comments?post=240"}],"version-history":[{"count":24,"href":"https:\/\/jacks-pixels.com\/wordpress\/wp-json\/wp\/v2\/pages\/240\/revisions"}],"predecessor-version":[{"id":3081,"href":"https:\/\/jacks-pixels.com\/wordpress\/wp-json\/wp\/v2\/pages\/240\/revisions\/3081"}],"wp:attachment":[{"href":"https:\/\/jacks-pixels.com\/wordpress\/wp-json\/wp\/v2\/media?parent=240"}],"curies":[{"name":"wp","href":"https:\/\/api.w.org\/{rel}","templated":true}]}}